/20*5/(-2)?
2, 71, 547
Suppose -15*r - g - 925 = -19*r, 3*r - 3*g = 696. What are the prime factors of r?
3, 7, 11
Suppose 3*m - 12237 = -3*u, -2*m + 2*u = -8588 + 422. What are the prime factors of m?
7, 11, 53
Suppose -9*c + 0*c = -7254. What are the prime factors of (-1)/(26/(-8368)) - (-124)/c?
2, 7, 23
Suppose -2*f - f - 2*t + 12 = 0, -f - 3 = 3*t. Let j(z) = 13*z + 6. Let h(a) = 7*a + 3. Let k(p) = f*j(p) - 11*h(p). List the prime factors of k(2).
5
Let r(d) = d**3 - d**2 + 1. Let h(n) = -5*n**3 + 21*n**2 - 14*n - 7. Let b(a) = h(a) + 4*r(a). What are the prime factors of b(15)?
3, 79
Suppose 50*b - 560*b + 7885110 = 0. What are the prime factors of b?
15461
Suppose 45*c + 9*c + 13*c = 342705. What are the prime factors of c?
3, 5, 11, 31
Let c(w) be the second derivative of -34*w**2 - 8*w - 9/2*w**3 + 0. What are the prime factors of c(-5)?
67
Let b = -855 + 14795. List the prime factors of b.
2, 5, 17, 41
What are the prime factors of (-2)/(-15) - 62024/(-120)?
11, 47
Let o be (98/7)/7 - 665. Let d = o - -966. What are the prime factors of d?
3, 101
Let s = 12 + -7. Suppose -4*x = s*w - 564, x - 3*w = -47 + 205. Suppose -2*c + 5*y + 137 = -21, 0 = -2*c - y + x. List the prime factors of c.
2, 37
Suppose 0 = 44*f - 13*f - 16*f - 1770. Let k = -22 + -18. Let s = f + k. What are the prime factors of s?
2, 3, 13
Let o be (-165)/7 - 24/56. Let w be 56 + (-1)/(-4) + 30/o. Suppose -3*f + w = -2*q, f = -3*q + 6*q + 30. What are the prime factors of f?
3, 5
Suppose 0 = 7*h - 2*h + 5*m + 165, -m = -h - 23. What are the prime factors of (-5)/(-5) + (2000 - h/(-7))?
1997
Let m be (21/(-14))/((-21)/56). Suppose -5*v + 2995 + 3135 = 5*p, -2*v - m*p = -2460. List the prime factors of v.
2, 13, 47
Let u = -167 + 167. Let t(b) = -b**3 - b**2 + b + 94. What are the prime factors of t(u)?
2, 47
Let t = 6668 + -5847. What are the prime factors of t?
821
Let n(l) be the third derivative of l**5/6 - l**4/8 + l**3/3 - 3*l**2. Let y(j) = j**2 - 2*j + 1. Let q be y(0). List the prime factors of n(q).
3
Let i = -119297 - -184758. What are the prime factors of i?
11, 541
Suppose 0 = 4*o + 5*w - 15, -5*w = -o - 2*o + 20. Suppose 0 = o*s - s - 20. What are the prime factors of ((-3)/s + (-55)/75)*-30?
2, 5
Let u be (95/15 + -6)/(2/12). Suppose -u*o - 10 = 0, 3*q - 3*o = 2*o - 308. Let f = 193 + q. List the prime factors of f.
2, 41
List the prime factors of (6909/(-188))/(4/((-44032)/12)).
2, 7, 43
Let x(o) = 119*o**3 + 2*o**2 - o. Let a be x(1). Let t = a - 182. Let y = 29 - t. What are the prime factors of y?
7, 13
What are the prime factors of ((0 - 7) + 0 + 6)*-24611?
24611
Let n(y) = -2*y**3 - 7*y**2 + 3*y - 7. Let u be n(-4). What are the prime factors of (u/(-2) + -3)*(-11930)/15?
1193
Let a = -39 + 48. Suppose -a*w = -w. Suppose 3*o + 3*q - 33 = w, 0*q - 4*q + 9 = -o. List the prime factors of o.
7
Suppose -5*w = 4*q - 51548, 2*w = -78*q + 74*q + 20612. What are the prime factors of w?
2, 1289
Let u(j) = 42*j**2 + 23*j - 18. Let g be (81 - 76)/(1 + -1 - -1). What are the prime factors of u(g)?
31, 37
Let y = 50 - -83. Let s = 203 + y. List the prime factors of s.
2, 3, 7
Let i(t) = t**2 - 6. Let h be 8/(-10) - (-66)/(-30). Let o be i(h). What are the prime factors of ((-18)/12)/(o/(-140))?
2, 5, 7
Suppose 15*k + 950 = 5*k. Let m = -89 - k. Let v(l) = 27*l - 51. What are the prime factors of v(m)?
3, 37
Let x = -20234 - -28475. What are the prime factors of x?
3, 41, 67
Let o = 58930 - -1191. What are the prime factors of o?
59, 1019
Let i(l) = l**3 + 58*l**2 - 92*l - 136. List the prime factors of i(-53).
5, 13, 17
Let i(q) = -q**3 + 22*q**2 - 29*q + 6. Let u be i(15). Let w = -389 + u. List the prime factors of w.
757
Suppose m + 5*t = 4684 + 1129, 2*t = 5*m - 28957. List the prime factors of m.
3, 1931
Let k(y) = 356*y + 582. What are the prime factors of k(63)?
2, 3, 5, 13, 59
Suppose 0 = -2*c - 2*t + 5*t + 4, c + 2*t = 2. Suppose 0 = 4*o - c*j - 2, 0*o - j - 3 = -4*o. Suppose 6*f - 535 = -o. List the prime factors of f.
89
Let j(f) = 15*f**2 + 50*f - 320. What are the prime factors of j(36)?
2, 5, 523
Let l = 616 + -255. Suppose -m = -4*b - 396, -m + 5*b + l = 8*b. List the prime factors of m.
2, 47
Let h(x) = -15*x + 33. Let z(o) = o + 1. Let u(m) = 2*h(m) + 2*z(m). List the prime factors of u(-7).
2, 3, 11
Suppose -136*t + 287*t = 140*t + 420266. What are the prime factors of t?
2, 7, 2729
Suppose -1532 - 1458 = 5*h. Let j = h + 1366. What are the prime factors of j?
2, 3
Let k(v) = 104*v + 107. Let o be k(4). Let q = o - 204. List the prime factors of q.
11, 29
Suppose -2*h + 18798 = m, 2302*h - 3*m + 18810 = 2304*h. List the prime factors of h.
2, 3, 29
Let m be (4/(-6))/(3/21618*4). Let h = 1860 + m. List the prime factors of h.
659
Suppose -2*k + 7*k + 10 = 5*l, -l - 3*k = -10. Suppose o - 476 = -2*o - 2*m, l*o - 658 = 2*m. What are the prime factors of o?
2, 3
Let p be (2 - 16/10)/((-4)/(-40)). Suppose -22 = -p*b - 6. Suppose 0 = -5*s - 5, 6*s - 3*s - 341 = -b*r. List the prime factors of r.
2, 43
Let p(w) be the first derivative of -w**2 + 21*w - 3. Let h be (-35)/(-28)*(-8)/2. What are the prime factors of p(h)?
31
Let t(o) = -86*o + 113. Let i be t(-12). Suppose 16*z - 11*z - i = 0. List the prime factors of z.
229
Suppose -22*m - 13 = -57. List the prime factors of (m - (-6 + 5)) + 1158.
3, 43
Let z be (-56069)/(-38)*(-2)/(-1). Suppose z = o + 12*o. What are the prime factors of o?
227
Let g(x) = -5*x - 17. Let v be g(-4). Suppose -p = 3*c - 556 - 220, c = -v*p + 272. What are the prime factors of c?
257
Suppose 349660 = 4*g - 4*c, -g - 4*c = 18377 - 105777. List the prime factors of g.
2, 13, 41
Let m(w) = -w**3 - 14*w**2 + 13*w + 19. Suppose 2 = 2*h - 4. Let i be h/3*1*-15. What are the prime factors of m(i)?
7
Let x(c) = 4*c**2 + 8*c - 13. Let a(i) = 7*i**2 + 17*i - 24. Let s(l) = -3*a(l) + 5*x(l). Let n = 19 + -30. What are the prime factors of s(n)?
7
Suppose 8 - 23 = 3*j. List the prime factors of -2 - (-2166)/3 - j.
5, 29
Let i(n) = -26*n**3 - 40*n**2 + 6*n + 181. What are the prime factors of i(-13)?
5, 10093
Suppose 22*k - 672 = -2*k. Let b(h) = -h**3 + 29*h**2 + 23*h - 8. List the prime factors of b(k).
2, 5, 71
What are the prime factors of 1424583/918 - 52/(-24)?
2, 3, 7, 37
Let x(y) = 98*y + 26. Let p be x(8). Suppose -95 = 5*l + p. Let b = -69 - l. List the prime factors of b.
2, 7
What are the prime factors of 1/(-3) + (-1)/(-2) + 1370698/84?
2, 41, 199
Let z be 4/24 + 1/(-6). Let t be z + 59 - -5*(-6)/10. What are the prime factors of ((-13)/(-4))/(7/t)?
2, 13
Let d(k) = 103*k**2 - k + 6. Let m(i) = i**3 - 35*i**2 + 67*i - 31. Let r be m(33). What are the prime factors of d(r)?
2, 13
Let l(o) = -55*o - 411. Let h be 1 + -3 + (7 - 44) + 6. List the prime factors of l(h).
2, 3, 13
Let z be (0 + 17)*(8 + -13 + 6). Suppose z*k - 8115 - 14087 = 0. List the prime factors of k.
2, 653
Let j be 6/(-3) + -2 + 50. Let p(a) = -16*a - 17*a + 3*a**2 - 16*a - 14 + j*a. List the prime factors of p(5).
2, 23
Suppose -51*i + 85 + 527 = 0. Suppose -4*x + d + 6087 = 0, -3049 = -2*x - i*d + 7*d. List the prime factors of x.
2, 761
Let z = -48 + 107. Let w = z - 56. Suppose -w*u = -128 - 379. List the prime factors of u.
13
Suppose i + 2 + 4 = 0. Let b be (2 - (-369)/i) + (-5)/10. List the prime factors of (3/(b/(-56)))/((-1)/(-50)).
2, 5, 7
What are the prime factors of (-53435*30/75)/(4/(-8))?
2, 10687
Let s(w) = 9*w + 10*w - 1905 + 39*w**2 + 1907. List the prime factors of s(6).
2, 5, 19
Let r(n) = n**2 - 15*n + 76. Suppose 5*s = c + 157, -4*s = c - 134 + 12. What are the prime factors of r(s)?
2, 11, 13
Let v be 4/10 - (-3)/15*-17. Let a = 16 - v. Let n = a + 110. What are the prime factors of n?
3, 43
Let u be 444/54 - 8/36. Let m(h) = -830*h**2 + 7 + 0*h**3 + 838*h**2 + 4*h - h**3. List the prime factors of m(u).
3, 13
Let v be (12/(-7))/((-20)/70). Suppose -4 = -s + 2*w + v, -s + 3*w + 15 = 0. Suppose -4*z + 5*z - 54 = s. What are the prime factors of z?
2, 3
Suppose -2*a = 4*b - 3*a + 921, a + 3 = 0. Let v = 515 + b. What are the prime factors of (v/(-10))/((-4)/10)?
71
Let q(s) = 105*s + 12. Let n be q(13). Suppose 0 = -12*j + 2511 + n. What are the prime factors of j?
2, 3
Let m(a) = 2*a**2 - 3*a + 1. Let d = -27 + 28. Let h = 3 + 